ctor of 513 and 297.
27
Calculate the highest common divisor of 693 and 1232.
77
What is the greatest common divisor of 140 and 448?
28
What is the highest common divisor of 300 and 120?
60
What is the highest common divisor of 23 and 115?
23
What is the highest common divisor of 17 and 3247?
17
What is the greatest common divisor of 1450 and 450?
50
What is the greatest common divisor of 13 and 4680?
13
What is the greatest common factor of 1435 and 35?
35
What is the highest common divisor of 6312 and 72?
24
What is the greatest common factor of 1178 and 1919?
19
Calculate the highest common factor of 18 and 42.
6
Calculate the greatest common divisor of 16 and 80.
16
Calculate the greatest common divisor of 377 and 58.
29
What is the greatest common divisor of 600 and 840?
120
What is the greatest common divisor of 17 and 3213?
17
What is the greatest common divisor of 1048 and 48?
8
Calculate the greatest common divisor of 512 and 2176.
128
Calculate the highest common factor of 122 and 30622.
122
Calculate the highest common divisor of 582 and 6.
6
Calculate the greatest common factor of 170 and 70.
10
What is the greatest common factor of 63 and 14?
7
Calculate the greatest common divisor of 103 and 1236.
103
Calculate the greatest common factor of 60 and 165.
15
What is the highest common factor of 2336 and 96?
32
Calculate the greatest common divisor of 25 and 400.
25
What is the highest common factor of 57 and 13281?
57
What is the greatest common divisor of 330 and 360?
30
What is the greatest common factor of 378 and 1449?
63
Calculate the highest common divisor of 4774 and 308.
154
What is the greatest common divisor of 8 and 1556?
4
Calculate the greatest common factor of 87 and 3799.
29
Calculate the greatest common divisor of 12 and 3.
3
What is the highest common factor of 2796 and 2?
2
What is the greatest common divisor of 2343 and 426?
213
What is the greatest common factor of 352 and 242?
22
Calculate the greatest common factor of 63 and 8001.
63
What is the greatest common divisor of 4819 and 122?
61
Calculate the greatest common factor of 4914 and 130.
26
Calculate the highest common factor of 1188 and 72.
36
Calculate the greatest common divisor of 88 and 66.
22
What is the greatest common factor of 68 and 85?
17
Calculate the greatest common factor of 570 and 1824.
114
What is the greatest common divisor of 1008 and 224?
112
Calculate the highest common divisor of 14 and 2191.
7
What is the highest common divisor of 2618 and 4046?
238
What is the greatest common factor of 429 and 2457?
39
What is the greatest common divisor of 10052 and 28?
28
Calculate the greatest common factor of 255 and 68.
17
Calculate the greatest common factor of 287 and 1517.
41
What is the greatest common divisor of 2519 and 11?
11
Calculate the highest common factor of 154 and 231.
77
Calculate the highest common factor of 7570 and 40.
10
What is the highest common divisor of 32 and 46752?
32
Calculate the highest common divisor of 20292 and 152.
76
Calculate the highest common divisor of 195 and 455.
65
What is the greatest common factor of 130 and 40?
10
Calculate the greatest common divisor of 377 and 91.
13
Calculate the greatest common divisor of 29 and 4669.
29
Calculate the greatest common factor of 240 and 1760.
80
What is the greatest common factor of 609 and 6873?
87
What is the greatest common factor of 12 and 162?
6
Calculate the greatest common divisor of 17306 and 34.
34
Calculate the greatest common divisor of 7668 and 108.
108
Calculate the highest common divisor of 729 and 405.
81
What is the greatest common factor of 208 and 13?
13
What is the greatest common divisor of 185 and 20?
5
Calculate the greatest common factor of 248 and 62.
62
What is the greatest common factor of 585 and 39?
39
What is the highest common factor of 102 and 14535?
51
Calculate the greatest common divisor of 44 and 14146.
22
What is the greatest common factor of 57 and 931?
19
Calculate the highest common divisor of 790 and 20.
10
What is the highest common divisor of 325 and 533?
13
Calculate the greatest common divisor of 3145 and 680.
85
Calculate the greatest common factor of 168 and 300.
12
Calculate the highest common divisor of 43 and 2408.
43
Calculate the highest common factor of 10 and 64.
2
What is the greatest common factor of 20 and 540?
20
Calculate the highest common factor of 52 and 286.
26
Calculate the highest common factor of 531 and 767.
59
Calculate the highest common factor of 82 and 2.
2
Calculate the highest common factor of 3 and 192.
3
What is the highest common divisor of 57 and 1140?
57
What is the greatest common factor of 288 and 128?
32
What is the greatest common factor of 119 and 527?
17
What is the highest common factor of 242 and 44?
22
What is the highest common divisor of 57 and 133?
19
What is the greatest common factor of 497 and 7?
7
Calculate the highest common factor of 7636 and 828.
92
What is the greatest common divisor of 166 and 14?
2
What is the highest common divisor of 629 and 34?
17
Calculate the highest common factor of 11042 and 2.
2
What is the highest common divisor of 20 and 290?
10
What is the highest common divisor of 348 and 4292?
116
What is the highest common divisor of 493 and 203?
29
What is the highest common divisor of 637 and 52?
13
What is the greatest common factor of 3638 and 102?
34
Calculate the highest common factor of 16 and 2768.
16
Calculate the highest common divisor of 3258 and 18.
18
Calculate the greatest common divisor of 27 and 81.
27
Calculate the greatest common divisor of 127 and 889.
127
What is the highest common factor of 144 and 32?
16
Calculate the highest common factor of 5320 and 420.
140
Calculate the highest common factor of 56 and 2142.
14
Calculate the highest common divisor of 182 and 4264.
26
Calculate the greatest common factor of 396 and 9.
9
What is the greatest common divisor of 34 and 27982?
34
What is the highest common divisor of 1166 and 572?
22
What is the highest common divisor of 99 and 1441?
11
Calculate the greatest common divisor of 11 and 57519.
11
Calculate the highest common divisor of 18 and 202.
2
Calculate the highest common factor of 72 and 27.
9
Calculate the highest common divisor of 14 and 578.
2
What is the highest common divisor of 66 and 22?
22
What is the greatest common factor of 58 and 232?
58
Calculate the highest common factor of 70 and 378.
14
What is the greatest common divisor of 23 and 47?
1
What is the greatest common factor of 1320 and 1276?
44
What is the highest common divisor of 82 and 2?
2
Calculate the highest common factor of 6 and 1803.
3
Calculate the highest common divisor of 18 and 441.
9
What is the greatest common factor of 390 and 5?
5
What is the highest common factor of 99 and 132?
33
What is the greatest common factor of 536 and 10?
2
What is the highest common factor of 180 and 1788?
12
What is the highest common divisor of 41 and 656?
41
What is the greatest common factor of 60 and 270?
30
What is the greatest common divisor of 880 and 550?
110
What is the highest common factor of 5 and 1915?
5
What is the greatest common factor of 26 and 169?
13
Calculate the highest common divisor of 36090 and 10.
10
Calculate the highest common divisor of 60 and 24.
12
Calculate the highest common divisor of 242 and 660.
22
What is the greatest common factor of 720 and 96?
48
Calculate the greatest common divisor of 33 and 3333.
33
What is the highest common divisor of 95 and 2261?
19
What is the greatest common divisor of 102 and 595?
17
What is the greatest common factor of 380 and 1064?
76
Calculate the greatest common factor of 15326 and 194.
194
Calculate the highest common divisor of 44 and 682.
22
What is the greatest common divisor of 640 and 50?
10
Calculate the highest common factor of 245 and 119.
7
What is the highest common factor of 1355 and 65?
5
Calculate the greatest common divisor of 110 and 3905.
55
What is the greatest common factor of 25 and 205?
5
Calculate the highest common factor of 567 and 56.
7
What is the greatest common factor of 630 and 280?
70
Calculate the greatest common divisor of 1239 and 168.
21
Calculate the highest common divisor of 87 and 58.
29
Calculate the greatest com